 - u. Calculate the greatest common divisor of r and b.
50
Let c(x) = 1 - 6*x - 44*x - 42*x + 18*x. Let u be c(-1). Suppose 45 + u = 5*y. Calculate the greatest common factor of 96 and y.
24
Suppose -4*b + 11 + 1 = 0. Suppose -b*f + 4*x + 13 = 0, -7 = -2*x + 3. Let m be 17/1 + 33/f. Calculate the highest common divisor of 30 and m.
10
Let j(s) = s**2 + s + 29. Let v be j(0). Suppose -4*f + w - 5 = -106, f = -w + v. Let c = -91 - -169. What is the greatest common factor of f and c?
26
Suppose -114*g + 215*g - 2160 = 74*g. Let n(y) = -4*y + 3. Let r be n(-3). What is the highest common factor of r and g?
5
Suppose -3*k = 2*k + 5*k - 9430. Let y be (41/2)/(4 - (-21)/(-6)). Calculate the greatest common factor of k and y.
41
Suppose -5*j + 0*j = 5. Let z(b) = 128*b**2 + 6*b + 4. Let p be z(j). What is the greatest common factor of p and 168?
42
Let v = 55 - 40. Let n = v - 15. Suppose -2*i - 4*i + 192 = n. What is the greatest common divisor of 16 and i?
16
Suppose -c + 2 = -2. Suppose 3*q - 451 + 158 = -5*s, -8*q + 192 = 2*s. Calculate the greatest common factor of s and c.
4
Let w be (719 - (24 - 24)) + 2 + 2 + -9. What is the greatest common factor of w and 918?
102
Suppose -250 = -38*h + 6*h + 134. Calculate the highest common factor of 4308 and h.
12
Let m = -4238 - -4350. What is the greatest common factor of 3332 and m?
28
Suppose -63*z + 507*z - 276410 = -82382. What is the greatest common factor of 1 and z?
1
Suppose 0 = 2*x - 5*s - 740, -2*s - 5 = 3. Suppose b - 142 = -w + 36, -2*w - b + x = 0. Calculate the greatest common divisor of 28 and w.
14
Let y(q) = 3*q**3 - 6*q**2 - 6*q + 30. Let g be y(4). Calculate the highest common factor of 6494 and g.
34
Suppose 4*u - 3*w = 77 - 30, 0 = -3*u - 5*w + 28. Suppose -u = -2*k - 5. Suppose f = -k*f + 192. What is the greatest common divisor of f and 6?
6
Suppose 4*u - u = 48. Let y(b) = -330*b + 4338. Let j be y(13). What is the highest common factor of u and j?
16
Let w(u) = u**3 + 21*u**2 + 57*u + 379. Let g be w(-18). Let a(y) = -y**3 + 22*y**2 - 21*y + 26. Let v be a(21). What is the greatest common divisor of g and v?
13
Let u = -155 + 251. Let x be ((-30)/(-50) + (-4)/(-10))*0. Suppose x = -4*k - 16, -k - 15 - 13 = -3*h. Calculate the greatest common divisor of h and u.
8
Suppose u - 5*q - 49 = 0, -3*u + 2*u + 7*q = -43. Calculate the highest common factor of u and 64.
64
Suppose 2*l = -2*c + 8010, 8*c - 2*l + 16028 = 12*c. Calculate the highest common factor of c and 19.
19
Suppose 1615 = -4*p + 89*p. Calculate the highest common factor of p and 34219.
19
Let s be (-5)/(-17 + -3)*-5*-36. Suppose s = z + 2*n, -15 = -4*n + n. Calculate the greatest common factor of z and 10.
5
Let h(y) = y + 9. Suppose 21 = -2*b + 9. Let u be h(b). Suppose 5*c + u*x - 880 = 159, -4*x = -2*c + 426. Calculate the highest common divisor of c and 19.
19
Let o = 741 - 731. Suppose 8*y = -o*y + 1260. What is the highest common divisor of y and 1400?
70
Let g be ((-74)/2 + -2)*-1. Let k = 24 - g. Let n = -6 - k. Calculate the greatest common divisor of n and 6.
3
Let h = 473 + -14. Let x be ((-156)/12 - -16 - 5*-4) + -6. What is the greatest common factor of h and x?
17
Suppose 1 = 2*r - i, -5*r + 25 = 3*i - i. Suppose -r*v - 128 = -656. Calculate the greatest common divisor of v and 11.
11
Let n(k) = -k**2 + 7*k - 1. Let g be n(5). Let a be 21 - 24/(-15)*(-3 - (-3)/(-4)). What is the greatest common factor of g and a?
3
Suppose -m + 5*m - 120 = 0. Let p be (-24)/2 - (-65 + 13). Calculate the greatest common divisor of m and p.
10
Let y = -2885 + 3047. Calculate the greatest common divisor of y and 8.
2
Let p = 2067 - 1227. Suppose -9*c - p = -15*c. Calculate the greatest common divisor of 112 and c.
28
Suppose 5*y - 5 = -5*h, -4*h - 6 = 10*y - 11*y. Let f be (-2824)/(-64) + y/(-16). What is the highest common factor of 132 and f?
44
Let z be (18/5)/(155/3100). What is the greatest common factor of 8 and z?
8
Let l(h) = 84*h + 68. Let i be 12/28 + 160/35. Let f be l(i). What is the highest common factor of f and 183?
61
Let m = 87 + -37. Let p(a) = -5*a - 5*a - a - a**2. Let n be p(-5). What is the greatest common divisor of m and n?
10
Let d(g) be the third derivative of -g**4/8 + 35*g**3/3 + 29*g**2 - 5. Let h be d(-2). Suppose 2*z - 6 = 32. Calculate the highest common factor of h and z.
19
Let t(d) = 638*d**2 + 98*d - 1. Let m be t(-1). Calculate the greatest common divisor of m and 11.
11
Let i be (2/12 - (-39)/(-18)) + 5. Suppose i*b = -4*z + 580, -5*b - 6*z + 964 = -2*z. What is the greatest common factor of 144 and b?
48
Let p(b) = 2*b**2 - 3*b + 1. Let k be p(1). Suppose 4*h = -3*m + 194, -3*m + 4*h - 3*h + 214 = k. What is the greatest common factor of m and 14?
14
Suppose 0 = c + 2*y, 5*y + 16 = 6. Suppose 4*r + r = 10. Suppose -23 = -2*g + s, -c*s + r*s - 58 = -5*g. Calculate the greatest common factor of g and 96.
12
Suppose -17 + 5 = -3*d. Suppose -6*w + 270 = d*w. Let p = w + -16. Calculate the greatest common divisor of p and 55.
11
Let z be 44/(-6)*15/(-10). Suppose -7*r = -z*r + 16. Suppose 247 - 39 = r*o. Calculate the highest common divisor of o and 416.
52
Suppose -76*u + 3829 - 71 + 6122 = 0. Calculate the greatest common divisor of 1885 and u.
65
Suppose -4*m + 4576 = 12*m. Suppose 2*v - 53 = -k + 2*k, -3*k + 127 = 5*v. Calculate the highest common factor of v and m.
26
Let q be (-62)/(-8) + 3/12. Let u be ((-8)/5)/((-687)/570 - (-204)/170). What is the highest common factor of u and q?
8
Let u = 8900 + -8759. What is the greatest common divisor of 4512 and u?
141
Let f(b) = -b**2 - 27*b - 36. Let g be f(-19). Suppose -5*i + g = -39. Let d = 54 - i. Calculate the highest common divisor of 138 and d.
23
Let y(x) = 441*x + 1. Let a(v) = -440*v - 2. Let r(g) = 2*a(g) + 3*y(g). Let q be r(1). Calculate the greatest common factor of q and 34.
34
Let d be 30/(-50) + (-28)/(-5). Let c = d + 10. Let u be (76/20)/(3/c). What is the greatest common factor of 114 and u?
19
Suppose 10*h - 13 - 17 = 0. Suppose -h*k + 561 = 3*g, 145 = 5*k - 5*g - 810. Calculate the greatest common divisor of 54 and k.
27
Suppose 111 = 5*y + 3*o - 71, 4*o - 144 = -4*y. Suppose -d - 753 = -3*q + 23, -3*q + 775 = -2*d. Calculate the highest common divisor of q and y.
37
Let x be (-18)/((-8)/9 - (-64)/(-576)). What is the highest common factor of x and 1899?
9
Let o = -37 - -34. Let h(j) = 5*j + 17. Let y be h(o). Let s be (-5)/(y*3/(-24)). What is the highest common divisor of s and 4?
4
Let k = -34 - -58. Let i be 1 + ((-2)/4)/(3/(-474)). Suppose -6*a + i = -a. What is the greatest common factor of a and k?
8
Suppose 102*d - 4*v + 134 = 103*d, -5*v - 80 = -d. What is the highest common factor of d and 6380?
110
Suppose -2*c + 92 = 2*c. Let l(p) = 6*p**2 - 3*p + 1. Let a be l(3). Let f be (a/6)/(21/63). Calculate the greatest common divisor of c and f.
23
Let j(a) = -a + 33. Let h = -162 + 187. Let y be j(h). What is the greatest common divisor of 2 and y?
2
Suppose 13*s - 17*s + 144 = 0. Let c = -69 + 71. Suppose d = 2*l + l - 86, c*l + 3*d - 39 = 0. What is the highest common factor of s and l?
9
Let s(z) = z**2 + 5*z + 5. Let c be s(0). Let f = 48 + -47. What is the greatest common factor of c and f?
1
Let n = 190 - 187. Suppose -n*w - 22 = 3*g - 130, g - w - 44 = 0. What is the greatest common divisor of g and 20?
20
Suppose 458*u + 1152 = 466*u. Calculate the highest common factor of u and 261.
9
Suppose g - 5 = 3*v, 70 = 4*g - 75*v + 73*v. What is the highest common divisor of g and 145?
5
Let f be 0 + 27 + 6/((-30)/(-25)). Suppose 33*y - f*y - 23 = -o, -y = 4*o - 11. Calculate the highest common factor of 9 and y.
9
Let z be (1275/45 + -29)/((-2)/483). What is the greatest common divisor of 10879 and z?
23
Let m be (-912)/(-30) + (-144)/60. What is the greatest common factor of m and 252?
28
Let p(h) = 4*h + 14. Let d be p(0). Let o = 36 + d. Suppose -2*j + 3*m + o = -2*m, -5*m - 10 = 0. Calculate the greatest common divisor of 20 and j.
20
Suppose 3*u = 11 + 7. Let x be 3/(9/87) - 17/(-51)*-6. Calculate the greatest common factor of x and u.
3
Let b(s) = s**3 + 12*s**2 + 5*s - 3. Let k be b(-5). Calculate the highest common divisor of 3 and k.
3
Suppose -3 = v - 9. Let b(u) = -u**2 + 193*u + 594. Let a be b(196